ed by 21.
9
Calculate the remainder when 312 is divided by 91.
39
Calculate the remainder when 246 is divided by 22.
4
Calculate the remainder when 2172 is divided by 135.
12
Calculate the remainder when 1473 is divided by 380.
333
What is the remainder when 142 is divided by 43?
13
What is the remainder when 233 is divided by 40?
33
What is the remainder when 709 is divided by 20?
9
Calculate the remainder when 5721 is divided by 119.
9
What is the remainder when 843 is divided by 277?
12
Calculate the remainder when 827 is divided by 36.
35
What is the remainder when 2542 is divided by 34?
26
Calculate the remainder when 9 is divided by 9.
0
What is the remainder when 481 is divided by 4?
1
Calculate the remainder when 236 is divided by 59.
0
Calculate the remainder when 366 is divided by 94.
84
What is the remainder when 99 is divided by 25?
24
What is the remainder when 465 is divided by 460?
5
Calculate the remainder when 73 is divided by 31.
11
What is the remainder when 2058 is divided by 31?
12
What is the remainder when 161 is divided by 73?
15
What is the remainder when 189 is divided by 4?
1
What is the remainder when 103 is divided by 9?
4
Calculate the remainder when 560 is divided by 148.
116
What is the remainder when 479 is divided by 96?
95
What is the remainder when 1380 is divided by 459?
3
Calculate the remainder when 380 is divided by 123.
11
Calculate the remainder when 120 is divided by 22.
10
What is the remainder when 292 is divided by 99?
94
Calculate the remainder when 78 is divided by 9.
6
Calculate the remainder when 2668 is divided by 665.
8
Calculate the remainder when 417 is divided by 70.
67
Calculate the remainder when 309 is divided by 307.
2
Calculate the remainder when 190 is divided by 37.
5
What is the remainder when 128 is divided by 17?
9
Calculate the remainder when 111 is divided by 2.
1
Calculate the remainder when 73 is divided by 25.
23
What is the remainder when 566 is divided by 21?
20
What is the remainder when 1199 is divided by 299?
3
Calculate the remainder when 101 is divided by 40.
21
Calculate the remainder when 230 is divided by 55.
10
Calculate the remainder when 5679 is divided by 40.
39
What is the remainder when 974 is divided by 195?
194
Calculate the remainder when 183 is divided by 24.
15
Calculate the remainder when 1287 is divided by 118.
107
What is the remainder when 2591 is divided by 68?
7
Calculate the remainder when 2104 is divided by 54.
52
Calculate the remainder when 264 is divided by 94.
76
What is the remainder when 311 is divided by 9?
5
Calculate the remainder when 2112 is divided by 47.
44
What is the remainder when 209 is divided by 53?
50
What is the remainder when 182 is divided by 20?
2
What is the remainder when 1175 is divided by 28?
27
What is the remainder when 992 is divided by 29?
6
Calculate the remainder when 1014 is divided by 30.
24
Calculate the remainder when 777 is divided by 46.
41
Calculate the remainder when 216 is divided by 108.
0
Calculate the remainder when 85 is divided by 51.
34
Calculate the remainder when 4056 is divided by 163.
144
Calculate the remainder when 69 is divided by 17.
1
What is the remainder when 3627 is divided by 36?
27
Calculate the remainder when 1013 is divided by 260.
233
What is the remainder when 1527 is divided by 73?
67
Calculate the remainder when 4754 is divided by 39.
35
Calculate the remainder when 210 is divided by 81.
48
Calculate the remainder when 675 is divided by 115.
100
Calculate the remainder when 852 is divided by 191.
88
What is the remainder when 69 is divided by 56?
13
What is the remainder when 393 is divided by 64?
9
What is the remainder when 131 is divided by 11?
10
What is the remainder when 512 is divided by 451?
61
Calculate the remainder when 940 is divided by 59.
55
What is the remainder when 66359 is divided by 237?
236
What is the remainder when 84 is divided by 19?
8
What is the remainder when 7796 is divided by 130?
126
What is the remainder when 531 is divided by 51?
21
What is the remainder when 164 is divided by 57?
50
Calculate the remainder when 494 is divided by 8.
6
What is the remainder when 1610 is divided by 265?
20
What is the remainder when 183 is divided by 47?
42
What is the remainder when 423 is divided by 207?
9
What is the remainder when 185 is divided by 62?
61
What is the remainder when 12275 is divided by 44?
43
Calculate the remainder when 10126 is divided by 21.
4
Calculate the remainder when 4103 is divided by 37.
33
Calculate the remainder when 222 is divided by 15.
12
What is the remainder when 311 is divided by 67?
43
What is the remainder when 183 is divided by 45?
3
What is the remainder when 271 is divided by 243?
28
Calculate the remainder when 114 is divided by 62.
52
Calculate the remainder when 1398 is divided by 201.
192
What is the remainder when 1759 is divided by 1741?
18
What is the remainder when 358 is divided by 88?
6
Calculate the remainder when 2889 is divided by 49.
47
What is the remainder when 160 is divided by 18?
16
Calculate the remainder when 1042 is divided by 131.
125
Calculate the remainder when 7359 is divided by 160.
159
Calculate the remainder when 480 is divided by 67.
11
Calculate the remainder when 1103 is divided by 28.
11
Calculate the remainder when 319 is divided by 190.
129
What is the remainder when 36 is divided by 29?
7
Calculate the remainder when 459 is divided by 50.
9
Calculate the remainder when 848 is divided by 17.
15
What is the remainder when 3316 is divided by 11?
5
Calculate the remainder when 417 is divided by 104.
1
What is the remainder when 237 is divided by 55?
17
What is the remainder when 179 is divided by 26?
23
Calculate the remainder when 2963 is divided by 119.
107
Calculate the remainder when 109 is divided by 57.
52
What is the remainder when 113 is divided by 10?
3
What is the remainder when 790 is divided by 112?
6
Calculate the remainder when 70 is divided by 55.
15
What is the remainder when 402 is divided by 11?
6
What is the remainder when 16180 is divided by 522?
520
What is the remainder when 131 is divided by 15?
11
Calculate the remainder when 17949 is divided by 29.
27
What is the remainder when 374 is divided by 184?
6
What is the remainder when 1330 is divided by 439?
13
Calculate the remainder when 39 is divided by 11.
6
What is the remainder when 807 is divided by 58?
53
What is the remainder when 126 is divided by 82?
44
Calculate the remainder when 108 is divided by 15.
3
What is the remainder when 108 is divided by 22?
20
What is the remainder when 269 is divided by 54?
53
What is the remainder when 181 is divided by 179?
2
Calculate the remainder when 874 is divided by 60.
34
Calculate the remainder when 417 is divided by 87.
69
Calculate the remainder when 188 is divided by 41.
24
What is the remainder when 416 is divided by 214?
202
Calculate the remainder when 1146 is divided by 28.
26
What is the remainder when 7114 is divided by 3556?
2
Calculate the remainder when 265 is divided by 51.
10
What is the remainder when 802 is divided by 228?
118
What is the remainder when 247 is divided by 119?
9
Calculate the remainder when 4117 is divided by 43.
32
Calculate the remainder when 158 is divided by 42.
32
Calculate the remainder when 360 is divided by 88.
8
Calculate the remainder when 571 is divided by 193.
185
Calculate the remainder when 401 is divided by 199.
3
Calculate the remainder when 3691 is divided by 66.
61
What is the remainder when 81 is divided by 17?
13
What is the remainder when 324 is divided by 37?
28
What is the remainder when 196 is divided by 66?
64
Calculate the remainder when 8358 is divided by 190.
188
What is the remainder when 246 is divided by 62?
60
What is the remainder when 330 is divided by 38?
26
Calculate the remainder when 433 is divided by 189.
55
What is the remainder when 1334 is divided by 664?
6
What is the remainder when 1113 is divided by 93?
90
Calculate the remainder when 302 is divided by 38.
36
What is the remainder when 232 is divided by 39?
37
Calculate the remainder when 1306 is divided by 41.
35
What is the remainder when 4486 is divided by 17?
15
What is the remainder when 101 is divided by 89?
12
Calculate the remainder w